8.
2, 13, 37
List the prime factors of 136287.
3, 19, 797
List the prime factors of 595.
5, 7, 17
List the prime factors of 1578.
2, 3, 263
What are the prime factors of 138747?
3, 7, 6607
What are the prime factors of 6014?
2, 31, 97
List the prime factors of 99841.
7, 17, 839
What are the prime factors of 29958?
2, 3, 4993
List the prime factors of 8234.
2, 23, 179
List the prime factors of 4104.
2, 3, 19
List the prime factors of 670.
2, 5, 67
List the prime factors of 618.
2, 3, 103
List the prime factors of 2646.
2, 3, 7
What are the prime factors of 1650?
2, 3, 5, 11
List the prime factors of 17064.
2, 3, 79
What are the prime factors of 2723?
7, 389
List the prime factors of 8894.
2, 4447
What are the prime factors of 475?
5, 19
What are the prime factors of 146181?
3, 7, 6961
List the prime factors of 5175.
3, 5, 23
What are the prime factors of 4381?
13, 337
What are the prime factors of 10733?
10733
List the prime factors of 1116.
2, 3, 31
What are the prime factors of 52?
2, 13
List the prime factors of 17860.
2, 5, 19, 47
List the prime factors of 1568.
2, 7
What are the prime factors of 18595?
5, 3719
What are the prime factors of 1306?
2, 653
What are the prime factors of 2345?
5, 7, 67
What are the prime factors of 651?
3, 7, 31
List the prime factors of 11319.
3, 7, 11
List the prime factors of 847.
7, 11
List the prime factors of 4015.
5, 11, 73
List the prime factors of 16584.
2, 3, 691
What are the prime factors of 12301?
12301
List the prime factors of 17200.
2, 5, 43
What are the prime factors of 10222?
2, 19, 269
What are the prime factors of 11977?
7, 29, 59
What are the prime factors of 51159?
3, 17053
List the prime factors of 19119.
3, 6373
What are the prime factors of 8173?
11, 743
List the prime factors of 151.
151
List the prime factors of 4596.
2, 3, 383
List the prime factors of 9402.
2, 3, 1567
List the prime factors of 4957.
4957
List the prime factors of 85802.
2, 42901
List the prime factors of 44857.
31, 1447
List the prime factors of 51140.
2, 5, 2557
List the prime factors of 9487.
53, 179
List the prime factors of 1072.
2, 67
What are the prime factors of 5031?
3, 13, 43
List the prime factors of 4575.
3, 5, 61
What are the prime factors of 45632?
2, 23, 31
What are the prime factors of 163?
163
List the prime factors of 31525.
5, 13, 97
What are the prime factors of 3129?
3, 7, 149
What are the prime factors of 49?
7
List the prime factors of 2136.
2, 3, 89
What are the prime factors of 17648?
2, 1103
What are the prime factors of 8955?
3, 5, 199
What are the prime factors of 8618?
2, 31, 139
What are the prime factors of 314?
2, 157
What are the prime factors of 1646?
2, 823
List the prime factors of 1122.
2, 3, 11, 17
What are the prime factors of 3906?
2, 3, 7, 31
What are the prime factors of 2012?
2, 503
List the prime factors of 1208.
2, 151
What are the prime factors of 7995?
3, 5, 13, 41
What are the prime factors of 879?
3, 293
What are the prime factors of 18051?
3, 11, 547
What are the prime factors of 2799?
3, 311
List the prime factors of 46200.
2, 3, 5, 7, 11
What are the prime factors of 4575?
3, 5, 61
List the prime factors of 1626.
2, 3, 271
List the prime factors of 6649.
61, 109
What are the prime factors of 3562?
2, 13, 137
List the prime factors of 31871.
7, 29, 157
List the prime factors of 3374.
2, 7, 241
What are the prime factors of 44572?
2, 11, 1013
List the prime factors of 19770.
2, 3, 5, 659
List the prime factors of 1296.
2, 3
What are the prime factors of 62562?
2, 3, 10427
What are the prime factors of 64242?
2, 3, 43, 83
What are the prime factors of 6702?
2, 3, 1117
What are the prime factors of 8087?
8087
List the prime factors of 505.
5, 101
What are the prime factors of 127955?
5, 157, 163
What are the prime factors of 1160?
2, 5, 29
What are the prime factors of 17584?
2, 7, 157
What are the prime factors of 1902?
2, 3, 317
List the prime factors of 33051.
3, 23, 479
What are the prime factors of 38745?
3, 5, 7, 41
List the prime factors of 60390.
2, 3, 5, 11, 61
What are the prime factors of 925?
5, 37
What are the prime factors of 246?
2, 3, 41
What are the prime factors of 3584?
2, 7
List the prime factors of 2210.
2, 5, 13, 17
List the prime factors of 861.
3, 7, 41
List the prime factors of 6044.
2, 1511
List the prime factors of 125299.
125299
What are the prime factors of 1075?
5, 43
What are the prime factors of 3413?
3413
What are the prime factors of 704?
2, 11
List the prime factors of 1331.
11
What are the prime factors of 11578?
2, 7, 827
List the prime factors of 79.
79
List the prime factors of 37885.
5, 7577
List the prime factors of 1777.
1777
What are the prime factors of 10989?
3, 11, 37
List the prime factors of 1450.
2, 5, 29
What are the prime factors of 14321?
14321
List the prime factors of 4113.
3, 457
What are the prime factors of 11656?
2, 31, 47
What are the prime factors of 135177?
3, 7, 41, 157
List the prime factors of 2259.
3, 251
What are the prime factors of 66609?
3, 2467
List the prime factors of 102258.
2, 3, 13, 19, 23
What are the prime factors of 61899?
3, 47, 439
What are the prime factors of 1381?
1381
List the prime factors of 4353.
3, 1451
What are the prime factors of 47932?
2, 23, 521
List the prime factors of 1264.
2, 79
What are the prime factors of 15274?
2, 7, 1091
List the prime factors of 2105.
5, 421
List the prime factors of 47187.
3, 7, 107
What are the prime factors of 6862?
2, 47, 73
List the prime factors of 46417.
7, 19, 349
What are the prime factors of 60308?
2, 15077
List the prime factors of 4915.
5, 983
List the prime factors of 3813.
3, 31, 41
List the prime factors of 4312.
2, 7, 11
What are the prime factors of 301?
7, 43
What are the prime factors of 58656?
2, 3, 13, 47
What are the prime factors of 1020?
2, 3, 5, 17
List the prime factors of 3526.
2, 41, 43
What are the prime factors of 579?
3, 193
List the prime factors of 8206.
2, 11, 373
List the prime factors of 13670.
2, 5, 1367
List the prime factors of 1506.
2, 3, 251
List the prime factors of 350.
2, 5, 7
List the prime factors of 48576.
2, 3, 11, 23
What are the prime factors of 3722?
2, 1861
List the prime factors of 58285.
5, 11657
What are the prime factors of 5248?
2, 41
List the prime factors of 4262.
2, 2131
List the prime factors of 2540.
2, 5, 127
List the prime factors of 8252.
2, 2063
What are the prime factors of 27760?
2, 5, 347
List the prime factors of 148628.
2, 73, 509
List the prime factors of 4512.
2, 3, 47
What are the prime factors of 4343?
43, 101
What are the prime factors of 35685?
3, 5, 13, 61
What are the prime factors of 6402?
2, 3, 11, 97
What are the prime factors of 88038?
2, 3, 67, 73
What are the prime factors of 48398?
2, 7, 3457
What are the prime factors of 53884?
2, 19, 709
List the prime factors of 19978.
2, 7, 1427
What are the prime factors of 1484?
2, 7, 53
What are the prime factors of 180155?
5, 137, 263
List the prime factors of 25381.
17, 1493
List the prime factors of 16601.
13, 1277
List the prime factors of 8863.
8863
List the prime factors of 7882.
2, 7, 563
List the prime factors of 41746.
2, 20873
What are the prime factors of 852?
2, 3, 71
What are the prime factors of 1301?
1301
What are the prime factors of 2989?
7, 61
List the prime factors of 1978.
2, 23, 43
List the prime factors of 3575.
5, 11, 13
What are the prime factors of 13964?
2, 3491
What are the prime factors of 1196?
2, 13, 23
List the prime factors of 717.
3, 239
What are the prime factors of 37524?
2, 3, 53, 59
List the prime factors of 3902.
2, 1951
What are the prime factors of 14822?
2, 7411
What are the prime factors of 9?
3
List the prime factors of 24.
2, 3
What are the prime factors of 1013?
1013
List the prime factors of 6100.
2, 5, 61
What are the prime factors of 3870?
2, 3, 5, 43
List the prime factors of 1348.
2, 337
What are the prime factors of 7647?
3, 2549
List the prime factors of 119.
7, 17
What are the prime factors of 21598?
2, 10799
List the prime factors of 3044.
2, 761
List the prime factors of 10686.
2, 3, 13, 137
List the prime factors of 168.
2, 3, 7
List the prime factors of 1804.
2, 11, 41
List the prime factors of 3884.
2, 971
What are the prime factors of 161?
7, 23
What are the prime fa